 be l(4). Suppose x = 4*r - 3*r. Suppose 0*s + s - 2 = r. Calculate the greatest common divisor of s and 2.
2
Suppose 2*o - 5*o = -12. Let j be 100/(-6)*(0 + -3). Let b be (24/10)/(15/j). Calculate the highest common factor of b and o.
4
Let a(m) = -m**2 - 6*m + 7. Let s be a(-6). Suppose 3*r = -4*l + 14 + 2, r = 3*l - 25. Calculate the highest common factor of l and s.
7
Let z be (4 - 0) + (2 - 1). Let o(j) = j**2 + 3*j - 13. Let h be o(-6). Suppose 5*r - 2 = -h*l + 18, z*r = 10. Calculate the greatest common factor of l and 5.
1
Suppose 4*a - 51 = -n, -2*a + 6 = -a - 2*n. What is the greatest common divisor of 3 and a?
3
Suppose -c + 697 = -683. Suppose -2*h - h + c = 0. Suppose -3*x = x - h. What is the greatest common divisor of x and 23?
23
Let i(g) = g**3 - 3*g. Let j be i(3). Suppose -4*l = -5*l + j. What is the highest common factor of 36 and l?
18
Let x(v) = -3*v - 11. Let a be x(-6). Let z(k) = k**3 - 6*k**2 - 7*k + 1. Let n be z(a). Calculate the greatest common factor of 4 and n.
1
Suppose -4*m = d - 11, 2*m - 12 + 3 = -d. Let z(r) = r**2 - 3*r + 3. Let u be z(6). Calculate the highest common divisor of u and d.
7
Let s(a) = 22*a - 3. Let m be s(3). Let i = 30 + -23. Calculate the highest common factor of i and m.
7
Let w = 248 - 20. Suppose 0 = -b - 3*b + w. Suppose -12 - 102 = -3*j. Calculate the highest common divisor of j and b.
19
Let d be (((-8)/4)/6)/((-3)/81). What is the highest common factor of 117 and d?
9
Let i be (-4)/22 - (-1474)/121. Suppose 0*s - 4*s = -i. Calculate the highest common divisor of s and 6.
3
Suppose 2*r + 22 = 2*c, -c + 2*r + 0*r + 7 = 0. Suppose 3*o - 16 = 29. What is the highest common divisor of c and o?
15
Let r(b) = b**2 + 2*b + 3. Suppose -d = 2*d + 2*p + 12, 11 = -d - 3*p. Let q be r(d). Let a = 7 - q. What is the highest common divisor of a and 28?
4
Let c be (0 + 1)/(-1) + 13. Suppose -4*r + 9 = -111. Let p = 66 + r. What is the highest common divisor of p and c?
12
Let k be 3/((-2)/(-9 - 3)). Let v = -64 - -91. What is the greatest common factor of k and v?
9
Let k = 54 + -24. Suppose q = 3 - 0. Calculate the greatest common factor of q and k.
3
Let d(z) = z**3 + 5*z**2 - 6*z - 2. Let w be d(-6). Let c = w - -2. Let q = 6 - c. Calculate the greatest common divisor of q and 30.
6
Let d be (-4 - -1) + 6 - -4. Calculate the highest common factor of 77 and d.
7
Let n(i) = -i**3 - 9*i**2 - 9*i - 5. Suppose r = -r - 24. Let q be 20/1*r/30. Let x be n(q). Calculate the highest common factor of 12 and x.
3
Let f be 65 + ((-30)/(-2))/(-3). Calculate the highest common factor of f and 15.
15
Suppose -i + 0*i = 0. Let k(v) = v**3 + 18. Let p be k(i). Suppose 0 = 7*b - 6*b - 2. What is the greatest common factor of p and b?
2
Let x be (6/(-8))/((-1)/12). Suppose -b - 39 = -157. Let o = -37 + b. What is the highest common factor of x and o?
9
Let w = 32 - 21. Let h be -2 - (-1 - w) - 0. Let t = h + -5. Calculate the greatest common divisor of 1 and t.
1
Let g(k) = -101*k - 4. Let x be g(-2). Let w(m) = 2*m**2. Let z be w(-3). Calculate the greatest common divisor of x and z.
18
Let q = -13 + 29. What is the highest common factor of q and 128?
16
Let l be (-24)/8 + 1*-25. Let i = l + 43. Calculate the greatest common factor of 3 and i.
3
Let s be ((-3)/6*-32)/1. Suppose -5*g + 150 = 2*j, -2*j + 7*j = -2*g + 396. Calculate the greatest common divisor of s and j.
16
Let r be (-1 + 0)*2 - 1. Let d be r - -5 - (1 - 1). What is the greatest common divisor of d and 8?
2
Suppose -5*f + 225 = 5*x, 5*x = 4*f + 176 + 67. Calculate the greatest common divisor of x and 47.
47
Let m(i) = 6 + i**3 + i - 8 + 7*i**2 - 2*i**2. Let h be m(-4). Calculate the highest common divisor of h and 4.
2
Let p(j) = -j - j + j + 4*j**2. Let n be p(1). Let o(f) = -f**2 + 4*f + 7. Let c be o(5). What is the highest common factor of n and c?
1
Let v(i) = 165*i**2 + i - 1. Let h be v(1). What is the highest common divisor of 15 and h?
15
Let c = -2 + 4. What is the highest common factor of 8 and c?
2
Let i(s) = 4*s - 2. Let a be i(6). Suppose a - 76 = -2*t. What is the greatest common divisor of 9 and t?
9
Let c(h) = 4*h**2 + 3*h. Let i be c(-2). Let b = 3 + 0. Let g be (b - 13)/((-4)/6). What is the highest common factor of i and g?
5
Let n = 33 + -32. Suppose 0 = -2*h + 3*s - 10, -4*h + 6 = 3*s - 10. Calculate the greatest common divisor of h and n.
1
Let v be 21 + 2*1/2. Let t be (-766)/(-14) + (-66)/(-231). Calculate the greatest common factor of t and v.
11
Let q be (2/(-5))/(1/(-15)). Let w = -28 + 40. What is the highest common factor of w and q?
6
Suppose -2*n = -3*n + 72. Let r(o) = -2*o + 3. Let p be r(-3). Suppose -2*m + p = -m. Calculate the highest common factor of m and n.
9
Let h be (-4)/(-10) + 628/5. Let z be (-123)/(-9) + (-6)/(-18). What is the highest common factor of z and h?
14
Suppose 0 = -5*s - 143 + 463. What is the greatest common divisor of s and 16?
16
Let x be -1 + -1 - (-1 - 1). Let g = 24 + x. Let q(l) = 59*l + 1. Let w be q(1). What is the greatest common divisor of g and w?
12
Suppose -48 = -0*a + 3*a. Let j(z) = -3*z + 17. Let n be j(a). Calculate the greatest common factor of n and 26.
13
Let h(a) = -a**2 - 2 + 4 + 8*a + 5 - 2. Let x be h(6). Calculate the highest common divisor of x and 119.
17
Suppose 2*d - 50 = -4*l, -4*l = -2*d - 69 + 7. Suppose v = l + 26. Calculate the highest common divisor of 16 and v.
8
Let p(b) be the third derivative of b**4/24 - 4*b**3/3 + b**2. Let f be p(10). Suppose -i = -f*i + 8. What is the highest common factor of 40 and i?
8
Let a(p) = -p**3 + 6*p**2 + 3*p - 8. Let h be a(6). Suppose 0 = q - 15 + 5. What is the greatest common factor of q and h?
10
Suppose 2*i = w + 1, -2*w + 5*i = -2 + 5. Suppose 0 = -0*n + 3*n + 351. Let r be (w/(-3))/(3/n). Calculate the highest common divisor of r and 117.
13
Let d(g) = g**3 - 4*g**2 - 4*g - 4. Suppose 19 = -5*t - 6, -3*b = -2*t - 28. Let q be d(b). Calculate the highest common divisor of q and 11.
11
Let r be (-3)/(36/15 + -3). Suppose -4*h + r*k = -6, 5*h - 3*k = -4*k + 22. Calculate the highest common factor of h and 20.
4
Let u = -3 + 17. Suppose 0 = 4*s - 2*h - 66, s - 53 = -s + 5*h. What is the highest common factor of u and s?
14
Let n = 29 + 10. What is the highest common divisor of 26 and n?
13
Let t be 3/6 - 5/(-2). Suppose -a + v = -2*v - 53, -3*v + 99 = t*a. Let d = -6 + a. What is the highest common factor of d and 16?
16
Suppose -m - 4 = k, 3*k + 19 = -4*m + 6. Let s = m + 4. Let d be 190/6 - (-1)/s. What is the highest common factor of d and 4?
4
Let z = 5 - 2. Suppose 0 = 2*t - 3 - z. Suppose 4*a - c = 7, 4*a = -a + t*c. Calculate the greatest common factor of a and 3.
3
Suppose 0 = -3*m + 5 + 1. Let c be 82/12 + m/12. Calculate the highest common factor of 77 and c.
7
Let f be ((-2)/(-4))/(14/(-84)) - -133. What is the highest common factor of f and 13?
13
Let b be 54*(2 - (-5)/(-3)). What is the highest common divisor of b and 126?
18
Suppose 0 = v + 3*v - 448. Let p be 0*1/3 + 7. Suppose 0 = 2*r + p - 35. Calculate the highest common factor of v and r.
14
Let b be 2/(-4)*4 - (0 - 33). Calculate the greatest common divisor of b and 248.
31
Suppose 1 = 3*b - 8. Suppose 24*o - 25*o + 3 = 0. Calculate the greatest common divisor of b and o.
3
Let g be (7 - -12)*(3 + 0). What is the highest common divisor of g and 38?
19
Let w(n) = -n**2 - 4*n + 7. Let o be w(-5). Suppose -3*j + 4 + o = 0, 0 = -5*p + 2*j + 321. What is the highest common factor of 26 and p?
13
Suppose -3*w + 227 = -229. Let b = 45 - 26. Calculate the greatest common divisor of w and b.
19
Suppose 8*h = 436 - 52. What is the highest common factor of 3 and h?
3
Let z be (-13)/(2*3/(-6)). What is the highest common factor of z and 52?
13
Let h be (37/(-3) + -1)*-3. Suppose 3*y - 4 = -4*l, -9 - 8 = -4*y - 3*l. What is the greatest common divisor of h and y?
8
Let b = 69 - 43. Let i = b - 8. Let x = i + -6. What is the highest common factor of x and 84?
12
Suppose 6*v - 64 = 2*v. Suppose 9 = 5*s - v. What is the highest common divisor of s and 15?
5
Let a(j) = -3*j - 8. Let b be a(-6). Calculate the greatest common factor of b and 10.
10
Let k(o) = -10*o - 90. Let t be k(-13). Calculate the greatest common divisor of t and 10.
10
Let z be 0 - 0/(-1) -